{"id":145,"date":"2022-06-08T11:47:26","date_gmt":"2022-06-08T11:47:26","guid":{"rendered":"https:\/\/interfinance.tsue.uz\/?page_id=145"},"modified":"2025-11-12T09:25:21","modified_gmt":"2025-11-12T09:25:21","slug":"editorial-board","status":"publish","type":"page","link":"https:\/\/interfinance.tsue.uz\/?page_id=145","title":{"rendered":"Editorial board"},"content":{"rendered":"\n<p><strong>Editor-in-Chief<\/strong><\/p>\n\n\n\n<p><strong>Khalilov Sherzod Ahmatovich<\/strong><\/p>\n\n\n\n<p><em>PhD, Associate Professor <\/em><\/p>\n\n\n\n<h3 class=\"wp-block-heading\" id=\"editorial-board\">Editorial Board:<\/h3>\n\n\n\n<p><strong>Teshabayev To&#8217;lqin Zakirovich<\/strong><\/p>\n\n\n\n<p><em>Doctor of economic sciences, Professor, Rector of Tashkent State University of Economics, Uzbekistan<\/em><\/p>\n\n\n\n<p><strong>Islamkulov&nbsp;Alimnazar Khudjamuratovich<\/strong><\/p>\n\n\n\n<p><em>Doctor of economic sciences, Associate professor,  <em>Tashkent State University of Economics<\/em>, Uzbekistan<\/em><\/p>\n\n\n\n<p><strong>Mehmonov Sultonali Umaraliyevich<\/strong><\/p>\n\n\n\n<p><em>Doctor of economic sciences, Professor, Vice-rector of <em>Tashkent State University of Economics<\/em>, Uzbekistan<\/em><\/p>\n\n\n\n<p><strong>Nasurova Kamolakhon Ravshanovna<\/strong><\/p>\n\n\n\n<p><em><br>Doctor of economic sciences, Associate professor, Tashkent State University of Economics, Uzbekistan<\/em><\/p>\n\n\n\n<p><strong><strong>Y\u00fccel O\u011furlu<\/strong><\/strong> <\/p>\n\n\n\n<p><em>Doctor of economic sciences, Professor<\/em><\/p>\n\n\n\n<p><strong>Jo&#8217;rayev Abdug&#8217;affor Safarovich<\/strong><\/p>\n\n\n\n<p><em>Doctor of economic sciences, Professor, <\/em>Uzbekistan<\/p>\n\n\n\n<p><strong>Haydarov Nizomiddin Hamroyevich<\/strong><\/p>\n\n\n\n<p><em>Doctor of Economic Science, Professor, Uzbekistan<\/em><\/p>\n\n\n\n<p><strong>Tursunov Anvar Sultonovich<\/strong><\/p>\n\n\n\n<p>Vice-Rector of The Banking and Finance Academy of the Republic of Uzbekistan<\/p>\n\n\n\n<p><strong>Joseph&nbsp;Adaikalam&nbsp;<\/strong><\/p>\n\n\n\n<p><em>Doctor of economic sciences, professor,<\/em><em> Binary University, Malaysia<\/em><\/p>\n\n\n\n<p><strong>Makashina Olga Vladilenovna<\/strong><\/p>\n\n\n\n<p><em>Doctor of economic sciences, Associate professor, Russian Federation<\/em><\/p>\n\n\n\n<p><strong>Rafal Sieradzki<\/strong><\/p>\n\n\n\n<p><em>PhD, Croatia<\/em><\/p>\n\n\n\n<p><strong>Burkhanov Umar Abdualimovich<\/strong><\/p>\n\n\n\n<p><em>Candiate of Economic Sciences, Associate professor, Czech Republic<\/em><\/p>\n\n\n\n<p><strong>Manuela Roxana-Dicu<\/strong><\/p>\n\n\n\n<p><em>PhD,<\/em> <em>Associate Professor, Romania<\/em><\/p>\n\n\n\n<p><strong>Nebojsa Stojcic&nbsp;<\/strong><\/p>\n\n\n\n<p><em>PhD,&nbsp; Poland<\/em><\/p>\n\n\n\n<p><strong>Asta Vasiliuskait<\/strong><\/p>\n\n\n\n<p><em>Doctor<\/em><em> of economic sciences, <\/em><em>Professor, Lithuania<\/em><\/p>\n\n\n\n<p><strong>Zakirova Elina Rafikovna<\/strong><\/p>\n\n\n\n<p><em>Candiate of Economic Sciences, Associate professor, Russian Federation<\/em><\/p>\n\n\n\n<p><strong>Pardaev Abdunabi Kholikovich<\/strong><\/p>\n\n\n\n<p><em>Doctor of economic sciences, Professor, Tashkent Institute of Finance, Uzbekistan<\/em><\/p>\n\n\n\n<p><strong>Umarov Zafar Absamatovich<\/strong><\/p>\n\n\n\n<p><em>Candiate of Economic Sciences, Professor, <em>Tashkent State University of Economics<\/em>, Uzbekistan<\/em><\/p>\n\n\n\n<p><strong>Absamatov Davron Abstamatovich<\/strong><\/p>\n\n\n\n<p>ISFT Institute, Tashkent, Uzbekistan<\/p>\n\n\n\n<p><strong>Omonov Akrom Abdinazarovich<\/strong><\/p>\n\n\n\n<p><em>Doctor of economic sciences, professor, <em>Tashkent State University of Economics<\/em>, Uzbekistan<\/em><\/p>\n\n\n\n<p><strong>Kuziev Islam Nematovich<\/strong><\/p>\n\n\n\n<p><em>Doctor of economic sciences, professor, <em>Tashkent State University of Economics<\/em>, Uzbekistan<\/em><\/p>\n\n\n\n<p><strong>Shennaev Khojayor Musurmanovic<\/strong>h<\/p>\n\n\n\n<p><em>Doctor of economic sciences, professor, <em>Tashkent State University of Economics<\/em>, Uzbekistan<\/em><\/p>\n\n\n\n<p><strong>Muhamedov Farhod Tursunbaevich<\/strong><\/p>\n\n\n\n<p><em>Doctor of economic sciences, professor, <em>Tashkent State University of Economics<\/em>, Uzbekistan<\/em><\/p>\n\n\n\n<p><strong>Avlokulov Anvar Ziyadullaevich<\/strong><\/p>\n\n\n\n<p><em>Doctor of economic sciences, professor, <em>Tashkent State University of Economics<\/em>, Uzbekistan<\/em><\/p>\n\n\n\n<p><strong>Ataniyazov Jasurbek Hamidovich<\/strong><\/p>\n\n\n\n<p><em>Doctor of economic sciences, professor, <em>Tashkent State University of Economics<\/em>, Uzbekistan<\/em><\/p>\n\n\n\n<p><strong>Asatullaev Xurshid Sunnatillaevich<\/strong><\/p>\n\n\n\n<p><em>Candiate of Economic Sciences, Associate professor, <em>Tashkent State University of Economics<\/em>, Uzbekistan<\/em><\/p>\n\n\n\n<p><strong>Kholmamatov Farkhodjon Kubaevich<\/strong><\/p>\n\n\n\n<p><em>PhD, Professor, T<em>ashkent State University of Economics<\/em>, Uzbekistan<\/em><\/p>\n\n\n\n<p><strong>Bashak Erdem<\/strong><\/p>\n\n\n\n<p><em>Doctor of economic sciences, Professor, Turkey<\/em><\/p>\n\n\n\n<p><\/p>\n\n\n\n<p><\/p>\n\n\n\n<p><strong>Ostonokulov Azamat Abdukarimovich<\/strong><\/p>\n\n\n\n<p><em>Doctor of economic sciences, Associate professor, T<em>ashkent State University of Economics<\/em>, Uzbekistan<\/em><\/p>\n\n\n\n<p><strong>Shodieva Dildora Khamidovna<\/strong><\/p>\n\n\n\n<p><em>PhD, Associate professor<\/em>, <em><em>Tashkent State University of Economics<\/em>, Uzbekistan<\/em><\/p>\n\n\n\n<p><strong>Jumaev Akbar Mahmudovich<\/strong><\/p>\n\n\n\n<p><em>PhD, Associate professor<\/em>, <em><em>Tashkent State University of Economics<\/em>, Uzbekistan<\/em><\/p>\n\n\n\n<p><strong>Ioan Bogdan Robu<\/strong><\/p>\n\n\n\n<p><em>PhD, Associate Professor, Romania<\/em><\/p>\n\n\n\n<p><strong>Norita Mohd Nasir<\/strong><\/p>\n\n\n\n<p><em>PhD, Associate Professor,<em>Monash University of Malasia,<\/em> Malasia<\/em><\/p>\n\n\n\n<p><strong>Assoc.Prof. Dr. Ba\u015fak ERDEM<\/strong><br><em>Doctor of Accounting, Associate professor, Istanbul Ticaret University, Department of Accounting and Auditing, T\u00fcrkiye<\/em>.<\/p>\n\n\n\n<p><strong>Prof. Dr. Murat Ni\u015fanc\u0131<\/strong><br><em>Erzincan Binali Y\u0131ld\u0131r\u0131m University<\/em><\/p>\n\n\n\n<p><em>Faculty of Economics and Administrative Sciences<\/em><\/p>\n\n\n\n<p><em>Chair of Economics Department<\/em><\/p>\n\n\n\n<p><strong>V. Balagopal<\/strong><\/p>\n\n\n\n<p><em>DSc, Associate Professor, <em>National Insurance Acad<\/em>emy of Pune<\/em>, <em>India<\/em><\/p>\n\n\n\n<div class=\"wp-block-buttons is-layout-flex wp-block-buttons-is-layout-flex\"><\/div>\n\n\n\n<p><strong>Allaeva Gulchekhra Jalgasovna<\/strong><\/p>\n\n\n\n<p><em>DSc, Associate Professor, Tashkent State Technical University<\/em>, <em>Uzbekistan<\/em><\/p>\n\n\n\n<p><strong>Tae Hyoung Mun<\/strong><\/p>\n\n\n\n<p><em>PhD, Professor, Mokwon University, South Korea<\/em><\/p>\n\n\n\n<p><strong>Xamdamov Baxrom Kasimovich<\/strong><\/p>\n\n\n\n<p><em>Doctor of Economic Sciences, Professor<\/em>, <em><em>Tashkent State University of Economics<\/em><\/em><\/p>\n\n\n\n<p><strong>Gavharbek Makhmudov<\/strong><\/p>\n\n\n\n<p><em>PhD, Associate Professor,South Kazakhstan state university named after M. Auezov<\/em>, <em>Kazakhstan<\/em><\/p>\n\n\n\n<p><strong>Murat Nishanchi<\/strong><\/p>\n\n\n\n<p><em>Doctor of Economic Sciences, Professor<\/em>,<em>Erikcan Binali Yildirim University<\/em>,<em>Turkey<\/em><\/p>\n","protected":false},"excerpt":{"rendered":"<p>Editor-in-Chief Khalilov Sherzod Ahmatovich PhD, Associate Professor Editorial Board: Teshabayev To&#8217;lqin Zakirovich Doctor of economic sciences, Professor, Rector of Tashkent State University of Economics, Uzbekistan Islamkulov&nbsp;Alimnazar Khudjamuratovich Doctor of economic sciences, Associate professor, Tashkent State University of Economics, Uzbekistan Mehmonov <a href=\"https:\/\/interfinance.tsue.uz\/?page_id=145\" class=\"read-more\">Read More &#8230;<\/a><\/p>\n","protected":false},"author":1,"featured_media":0,"parent":0,"menu_order":0,"comment_status":"closed","ping_status":"closed","template":"","meta":{"footnotes":""},"class_list":["post-145","page","type-page","status-publish","hentry"],"_links":{"self":[{"href":"https:\/\/interfinance.tsue.uz\/index.php?rest_route=\/wp\/v2\/pages\/145","targetHints":{"allow":["GET"]}}],"collection":[{"href":"https:\/\/interfinance.tsue.uz\/index.php?rest_route=\/wp\/v2\/pages"}],"about":[{"href":"https:\/\/interfinance.tsue.uz\/index.php?rest_route=\/wp\/v2\/types\/page"}],"author":[{"embeddable":true,"href":"https:\/\/interfinance.tsue.uz\/index.php?rest_route=\/wp\/v2\/users\/1"}],"replies":[{"embeddable":true,"href":"https:\/\/interfinance.tsue.uz\/index.php?rest_route=%2Fwp%2Fv2%2Fcomments&post=145"}],"version-history":[{"count":28,"href":"https:\/\/interfinance.tsue.uz\/index.php?rest_route=\/wp\/v2\/pages\/145\/revisions"}],"predecessor-version":[{"id":4785,"href":"https:\/\/interfinance.tsue.uz\/index.php?rest_route=\/wp\/v2\/pages\/145\/revisions\/4785"}],"wp:attachment":[{"href":"https:\/\/interfinance.tsue.uz\/index.php?rest_route=%2Fwp%2Fv2%2Fmedia&parent=145"}],"curies":[{"name":"wp","href":"https:\/\/api.w.org\/{rel}","templated":true}]}}